he hundred thousands digit of 442634?
4
What is the units digit of 82298?
8
What is the ten millions digit of 13728170?
1
What is the thousands digit of 25066153?
6
What is the thousands digit of 5565756?
5
What is the ten thousands digit of 26567800?
6
What is the thousands digit of 113244?
3
What is the hundred thousands digit of 228085?
2
What is the ten thousands digit of 3354372?
5
What is the ten thousands digit of 337755?
3
What is the units digit of 18458992?
2
What is the thousands digit of 1266563?
6
What is the hundreds digit of 4089411?
4
What is the thousands digit of 3194478?
4
What is the hundred thousands digit of 260338?
2
What is the units digit of 1740236?
6
What is the tens digit of 465385?
8
What is the units digit of 7115983?
3
What is the thousands digit of 2381790?
1
What is the units digit of 17824648?
8
What is the tens digit of 1644645?
4
What is the thousands digit of 90546?
0
What is the ten thousands digit of 31133772?
3
What is the thousands digit of 4658882?
8
What is the ten millions digit of 18348048?
1
What is the millions digit of 1915438?
1
What is the ten thousands digit of 1132637?
3
What is the thousands digit of 24978465?
8
What is the hundreds digit of 171987?
9
What is the ten thousands digit of 10305937?
0
What is the units digit of 757128?
8
What is the thousands digit of 70429?
0
What is the units digit of 6786909?
9
What is the units digit of 8284932?
2
What is the hundred thousands digit of 2555631?
5
What is the units digit of 312622?
2
What is the ten thousands digit of 101214?
0
What is the tens digit of 15138822?
2
What is the tens digit of 34584330?
3
What is the units digit of 5083947?
7
What is the units digit of 31130413?
3
What is the units digit of 10266724?
4
What is the millions digit of 4735436?
4
What is the hundreds digit of 10623659?
6
What is the tens digit of 2781475?
7
What is the hundred thousands digit of 4413919?
4
What is the thousands digit of 7675288?
5
What is the hundred thousands digit of 3840117?
8
What is the thousands digit of 799419?
9
What is the millions digit of 8590424?
8
What is the tens digit of 1982?
8
What is the thousands digit of 7438764?
8
What is the ten thousands digit of 915566?
1
What is the units digit of 13536956?
6
What is the units digit of 98895?
5
What is the ten thousands digit of 84540?
8
What is the tens digit of 118357?
5
What is the ten thousands digit of 10481854?
8
What is the hundred thousands digit of 1333113?
3
What is the hundred thousands digit of 384852?
3
What is the tens digit of 48796?
9
What is the hundreds digit of 3822881?
8
What is the tens digit of 9062358?
5
What is the thousands digit of 197356?
7
What is the units digit of 6275029?
9
What is the hundreds digit of 2291982?
9
What is the hundred thousands digit of 1670171?
6
What is the thousands digit of 1131383?
1
What is the hundreds digit of 469113?
1
What is the ten thousands digit of 1362277?
6
What is the thousands digit of 5715030?
5
What is the tens digit of 1635433?
3
What is the ten thousands digit of 322244?
2
What is the tens digit of 258844?
4
What is the hundreds digit of 9911356?
3
What is the tens digit of 214624?
2
What is the ten thousands digit of 80848?
8
What is the ten thousands digit of 463915?
6
What is the tens digit of 864949?
4
What is the hundreds digit of 8922690?
6
What is the ten thousands digit of 350328?
5
What is the tens digit of 3274251?
5
What is the hundreds digit of 30875119?
1
What is the hundreds digit of 5562227?
2
What is the millions digit of 4092706?
4
What is the hundred thousands digit of 4752599?
7
What is the hundreds digit of 427919?
9
What is the units digit of 373509?
9
What is the hundred thousands digit of 2593726?
5
What is the tens digit of 50311?
1
What is the thousands digit of 874204?
4
What is the units digit of 3340?
0
What is the ten thousands digit of 288085?
8
What is the millions digit of 3243166?
3
What is the thousands digit of 8484928?
4
What is the ten thousands digit of 1150084?
5
What is the units digit of 13665248?
8
What is the thousands digit of 565165?
5
What is the thousands digit of 205057?
5
What is the tens digit of 148620?
2
What is the units digit of 2318898?
8
What is the hundred thousands digit of 791878?
7
What is the hundreds digit of 6488222?
2
What is the thousands digit of 34712950?
2
What is the hundred thousands digit of 11566760?
5
What is the ten thousands digit of 27963093?
6
What is the tens digit of 84384?
8
What is the units digit of 6312229?
9
What is the hundred thousands digit of 26084448?
0
What is the hundred thousands digit of 483992?
4
What is the hundreds digit of 953278?
2
What is the hundred thousands digit of 358189?
3
What is the ten thousands digit of 1418126?
1
What is the units digit of 366077?
7
What is the thousands digit of 7675218?
5
What is the hundreds digit of 443174?
1
What is the ten thousands digit of 1109698?
0
What is the tens digit of 516846?
4
What is the millions digit of 7633669?
7
What is the hundred thousands digit of 13363719?
3
What is the ten thousands digit of 410084?
1
What is the hundreds digit of 2045778?
7
What is the hundred thousands digit of 1438657?
4
What is the thousands digit of 4945082?
5
What is the units digit of 158505?
5
What is the units digit of 2629358?
8
What is the thousands digit of 2304384?
4
What is the units digit of 87646?
6
What is the hundreds digit of 9052121?
1
What is the units digit of 158205?
5
What is the tens digit of 949063?
6
What is the thousands digit of 448343?
8
What is the hundreds digit of 9403494?
4
What is the thousands digit of 1755162?
5
What is the ten thousands digit of 592806?
9
What is the thousands digit of 58255?
8
What is the units digit of 1619314?
4
What is the units digit of 315498?
8
What is the tens digit of 8028344?
4
What is the ten thousands digit of 475585?
7
What is the hundred thousands digit of 3545289?
5
What is the units digit of 15274438?
8
What is the tens digit of 904073?
7
What is the hundreds digit of 2156915?
9
What is the ten thousands digit of 8938375?
3
What is the millions digit of 21609568?
1
What is the hundred thousands digit of 27387453?
3
What is the millions digit of 1288957?
1
What is the units digit of 125447?
7
What is the millions digit of 1647600?
1
What is the units digit of 31864169?
9
What is the units digit of 425342?
2
What is the ten millions digit of 19050774?
1
What is the tens digit of 16511192?
9
What is the thousands digit of 241842?
1
What is the tens digit of 2968358?
5
What is the hundred thousands digit of 210628?
2
What is the hundred thousands digit of 1519802?
5
What is the units digit of 589613?
3
What is the ten thousands digit of 17662023?
6
What is the thousands digit of 2089624?
9
What is the units digit of 755064?
4
What is the ten thousands digit of 184826?
8
What is the ten thousands digit of 512901?
1
What is the units digit of 262505?
5
What is the ten thousands digit of 2157365?
5
What is the ten thousands digit of 530452?
3
What is the millions digit of 4817282?
4
What is the units digit of 85498?
8
What is the thousands digit of 215683?
5
What is the hundreds digit of 21564?
5
What is the thousands digit of 232008?
2
What is the tens digit of 7922405?
0
What is the thousands digit of 7234903?
4
What is the ten thousands digit of 4504859?
0
What is the tens digit of 48546?
4
What is the tens digit of 2204858?
5
What is the thousands digit of 1888954?
8
What is the tens digit of 62083?
8
What is the hundreds digit of 312000?
0
What is the thousands digit of 186080?
6
What is the hundreds digit of 495077?
0
What is the units digit of 13429506?
6
What is the ten thousands digit of 5349164?
4
What is the units digit of 3390008?
8
What is the thousands digit of 671107?
1
What is the ten thousands digit of 10816168?
1
What is the tens digit of 1035828?
2
What is the ten thousands digit of 4954286?
5
What is the millions digit of 11522459?
1
What is the thousands digit of 15457797?
7
What is the hundred thousands digit of 1391724?
3
What is the ten thousands digit of 4353419?
5
What is the thousands digit of 329861?
9
What is the thousands digit of 154991?
4
What is the units digit of 39964?
4
What is the units digit of 177642